{"id":275,"date":"2021-01-14T13:01:51","date_gmt":"2021-01-14T12:01:51","guid":{"rendered":"https:\/\/www.centrefunambule.eu\/?page_id=275"},"modified":"2026-03-16T11:29:15","modified_gmt":"2026-03-16T10:29:15","slug":"equipe","status":"publish","type":"page","link":"https:\/\/www.centrefunambule.eu\/en\/equipe\/","title":{"rendered":"\u00e9quipe"},"content":{"rendered":"<h2>\n\t\t\tl&rsquo;\u00e9quipe\t<\/h2>\n\t<p>Le Centre Europ\u00e9en de Funambulisme travaille avec des formateur\u00b7ices de tous les horizons, aux approches et influences diff\u00e9rentes. Faites leur connaissance d\u00e8s maintenant\u00a0!<\/p>\n<h2  id=\"ligne1\">\n\t\t\tTrainers\t<\/h2>\n\t\t\t\t<img decoding=\"async\" src=\"https:\/\/www.centrefunambule.eu\/wp-content\/uploads\/bb-plugin\/cache\/252C62E4-5C39-4A4A-921F-7A5EB75286FA_1_105_c-landscape-47e7207909ea0c5114cafc4cc4ef0ea6-.jpg\" alt=\"252C62E4-5C39-4A4A-921F-7A5EB75286FA_1_105_c\" itemprop=\"image\" title=\"252C62E4-5C39-4A4A-921F-7A5EB75286FA_1_105_c\" onerror=\"this.style.display='none'\" loading=\"lazy\" \/>\n<h3>Vincent Wauters<\/h3><p><em>Rythme &amp; Respiration &#8211; FR\/EN\u00a0<\/em><\/p>\n\t<p>Fondateur du Centre Europ\u00e9en de Funambulisme, formateur et funambule amateur, tous les mardis soirs, Vincent partage avec les \u00e9l\u00e8ve du CEF sa passion pour la marche sur un fil avec un balancier. Il vous aidera \u00e0 appr\u00e9hender le fil au rythme de votre respiration&#8230; et du tango !<\/p>\n\t\t\t\t<img decoding=\"async\" src=\"https:\/\/www.centrefunambule.eu\/wp-content\/uploads\/2021\/01\/hopla_canalcsylvie_moris_web_100dpi-87.jpg\" alt=\"hopla_canal(c)sylvie_moris_web_100dpi-87\" itemprop=\"image\" height=\"661\" width=\"992\" title=\"hopla_canal(c)sylvie_moris_web_100dpi-87\" onerror=\"this.style.display='none'\" loading=\"lazy\" \/>\n<h3>Bruno Frenette<\/h3><em>Travers\u00e9e du canal &#8211; FR\/EN<br \/>\n<\/em>\n\t<p>P\u00e9dagogue en arts du cirque sp\u00e9cialis\u00e9 en funambulisme, Bruno d\u00e9veloppera votre technique et vous pr\u00e9parera pour la travers\u00e9e du canal. Bruno est \u00e9galement responsable technique sur le projet Bassalto.<\/p>\n\t\t\t\t<img decoding=\"async\" src=\"https:\/\/www.centrefunambule.eu\/wp-content\/uploads\/2022\/11\/image2-scaled.jpeg\" alt=\"Jessica Lane\" itemprop=\"image\" height=\"1703\" width=\"2560\" title=\"Jessica Lane\" onerror=\"this.style.display='none'\" loading=\"lazy\" \/>\n<h3>Jessica Lane<\/h3><p><em>Recherche cr\u00e9ative &#8211; EN\/PT<\/em><\/p>\n\t<p>Jessica est une artiste de cirque dipl\u00f4m\u00e9e de l&rsquo;INAC (Portugal), sp\u00e9cialis\u00e9e en fil de fer. Entre Madrid, Paris, Porto, elle multiplie les projets artistiques\u00a0sur l&rsquo;\u00e9quilibre et la recherche dans le cirque contemporain.\u00a0R\u00e9guli\u00e8rement en r\u00e9sidence au Centre Europ\u00e9en de Funambulisme depuis 2022, elle initie les funambules du CEF et vous aidera \u00e0 d\u00e9velopper votre cr\u00e9ativit\u00e9 sur le fil.<\/p>\n<h2>\n\t\t\tEquipe administrative\t<\/h2>\n\t\t<h3>Camille Henry<\/h3><em>Soutien administratif &#8211; FR\/EN<br \/>\n<\/em>\n\t<p>Camille, en charge des projets internationaux de l&rsquo;\u00c9cole de cirque de Bruxelles, soutient \u00e9galement la gestion administrative et la communication du Centre europ\u00e9en de funambulisme depuis janvier 2026.<\/p>\n\t\t<h3>Vincent Wauters<\/h3><p><em>Directeur &#8211; FR\/EN<\/em><\/p>\n\t<p>Directeur fondateur du Centre Europ\u00e9en de Funambulisme, formateur et funambule amateur, Vincent est toujours \u00e0 la recherche de nouvelles occasions pour faire rayonner le funambulisme&#8230; un\u00b7e nouveau\u00b7elle candidat\u00b7e, un stage, une performance, un projet&#8230;<\/p>","protected":false},"excerpt":{"rendered":"<p>l&rsquo;\u00e9quipe Le Centre Europ\u00e9en de Funambulisme travaille avec des formateur\u00b7ices de tous les horizons, aux approches et influences diff\u00e9rentes. Faites leur connaissance d\u00e8s maintenant\u00a0! Formateur\u00b7ices Vincent Wauters Rythme &amp; Respiration &#8211; FR\/EN\u00a0 Fondateur du Centre Europ\u00e9en de Funambulisme, formateur et funambule amateur, tous les mardis soirs, Vincent partage avec les \u00e9l\u00e8ve du CEF sa passion&hellip;<\/p>","protected":false},"author":3,"featured_media":0,"parent":0,"menu_order":0,"comment_status":"closed","ping_status":"closed","template":"","meta":{"footnotes":""},"class_list":["post-275","page","type-page","status-publish","hentry"],"_links":{"self":[{"href":"https:\/\/www.centrefunambule.eu\/en\/wp-json\/wp\/v2\/pages\/275","targetHints":{"allow":["GET"]}}],"collection":[{"href":"https:\/\/www.centrefunambule.eu\/en\/wp-json\/wp\/v2\/pages"}],"about":[{"href":"https:\/\/www.centrefunambule.eu\/en\/wp-json\/wp\/v2\/types\/page"}],"author":[{"embeddable":true,"href":"https:\/\/www.centrefunambule.eu\/en\/wp-json\/wp\/v2\/users\/3"}],"replies":[{"embeddable":true,"href":"https:\/\/www.centrefunambule.eu\/en\/wp-json\/wp\/v2\/comments?post=275"}],"version-history":[{"count":23,"href":"https:\/\/www.centrefunambule.eu\/en\/wp-json\/wp\/v2\/pages\/275\/revisions"}],"predecessor-version":[{"id":1154,"href":"https:\/\/www.centrefunambule.eu\/en\/wp-json\/wp\/v2\/pages\/275\/revisions\/1154"}],"wp:attachment":[{"href":"https:\/\/www.centrefunambule.eu\/en\/wp-json\/wp\/v2\/media?parent=275"}],"curies":[{"name":"wp","href":"https:\/\/api.w.org\/{rel}","templated":true}]}}

équipe

<h2>
			l&rsquo;équipe	</h2>
	<p>Le Centre Européen de Funambulisme travaille avec des formateur·ices de tous les horizons, aux approches et influences différentes. Faites leur connaissance dès maintenant !</p>
<h2  id="ligne1">
			Trainers	</h2>
				<img decoding="async" src="https://www.centrefunambule.eu/wp-content/uploads/bb-plugin/cache/252C62E4-5C39-4A4A-921F-7A5EB75286FA_1_105_c-landscape-47e7207909ea0c5114cafc4cc4ef0ea6-.jpg" alt="252C62E4-5C39-4A4A-921F-7A5EB75286FA_1_105_c" itemprop="image" title="252C62E4-5C39-4A4A-921F-7A5EB75286FA_1_105_c" onerror="this.style.display='none'" loading="lazy" />
<h3>Vincent Wauters</h3><p><em>Rythme &amp; Respiration &#8211; FR/EN </em></p>
	<p>Fondateur du Centre Européen de Funambulisme, formateur et funambule amateur, tous les mardis soirs, Vincent partage avec les élève du CEF sa passion pour la marche sur un fil avec un balancier. Il vous aidera à appréhender le fil au rythme de votre respiration&#8230; et du tango !</p>
				<img decoding="async" src="https://www.centrefunambule.eu/wp-content/uploads/2021/01/hopla_canalcsylvie_moris_web_100dpi-87.jpg" alt="hopla_canal(c)sylvie_moris_web_100dpi-87" itemprop="image" height="661" width="992" title="hopla_canal(c)sylvie_moris_web_100dpi-87" onerror="this.style.display='none'" loading="lazy" />
<h3>Bruno Frenette</h3><em>Traversée du canal &#8211; FR/EN<br />
</em>
	<p>Pédagogue en arts du cirque spécialisé en funambulisme, Bruno développera votre technique et vous préparera pour la traversée du canal. Bruno est également responsable technique sur le projet Bassalto.</p>
				<img decoding="async" src="https://www.centrefunambule.eu/wp-content/uploads/2022/11/image2-scaled.jpeg" alt="Jessica Lane" itemprop="image" height="1703" width="2560" title="Jessica Lane" onerror="this.style.display='none'" loading="lazy" />
<h3>Jessica Lane</h3><p><em>Recherche créative &#8211; EN/PT</em></p>
	<p>Jessica est une artiste de cirque diplômée de l&rsquo;INAC (Portugal), spécialisée en fil de fer. Entre Madrid, Paris, Porto, elle multiplie les projets artistiques sur l&rsquo;équilibre et la recherche dans le cirque contemporain. Régulièrement en résidence au Centre Européen de Funambulisme depuis 2022, elle initie les funambules du CEF et vous aidera à développer votre créativité sur le fil.</p>
<h2>
			Equipe administrative	</h2>
		<h3>Camille Henry</h3><em>Soutien administratif &#8211; FR/EN<br />
</em>
	<p>Camille, en charge des projets internationaux de l&rsquo;École de cirque de Bruxelles, soutient également la gestion administrative et la communication du Centre européen de funambulisme depuis janvier 2026.</p>
		<h3>Vincent Wauters</h3><p><em>Directeur &#8211; FR/EN</em></p>
	<p>Directeur fondateur du Centre Européen de Funambulisme, formateur et funambule amateur, Vincent est toujours à la recherche de nouvelles occasions pour faire rayonner le funambulisme&#8230; un·e nouveau·elle candidat·e, un stage, une performance, un projet&#8230;</p>

<p>l&rsquo;équipe Le Centre Européen de Funambulisme travaille avec des formateur·ices de tous les horizons, aux approches et influences différentes. Faites leur connaissance dès maintenant ! Formateur·ices Vincent Wauters Rythme &amp; Respiration &#8211; FR/EN  Fondateur du Centre Européen de Funambulisme, formateur et funambule amateur, tous les mardis soirs, Vincent partage avec les élève du CEF sa passion&hellip;</p>
